29 - (-2 + 0 + 0 + (-32 - -19) + 14).
30
Calculate 15 + (9 - (-8 + 35)) + -22 - -15.
-10
Calculate 204 + (-301 - -122) + 51.
76
Calculate -7 + 1 + (-2925 + 3047 - (14 + 1)).
101
What is 42 + 1 + 50 + 35 + -76?
52
-73 + -50 + 1 - (8 - 29)
-101
Calculate (-44 - (-108 + 79)) + (58 - 0).
43
Evaluate -17 + (14 - (38 + (-2 - 15))).
-24
Calculate 2254 + -2359 - (-173 - -4).
64
What is the value of -36 - (70 + -88) - (-2 - 9) - 44?
-51
(-48 - -64) + (-12 - (-104 + 37))
71
Evaluate -49 - -105 - 29 - (48 - 0).
-21
(-9 + 0 - (25 + -73 + 41)) + -32
-34
What is the value of 133 + (-25 - 96) + -32?
-20
Evaluate -6 + -1 - ((-19 - (-24 - -3)) + (-74 - -9)).
56
What is the value of (17 - (46 + -10) - -8) + (-11 - -2)?
-20
Evaluate -63 - (-166 + 98) - (1 + -2 + 25).
-19
What is the value of 36 - (-54 + 34) - 5?
51
What is the value of 11 + (2 - 12 - (-7 + 12 - 26))?
22
What is the value of 25 + (-14 - 38) - ((1 - 6) + (38 - 41))?
-19
What is the value of (7 - 20) + (23 - 41) + 27?
-4
(-7 - -18) + (590 - 565 - (0 + 1 + 0))
35
Evaluate (-1 - -1) + 12 - -1 - (3320 - 3327).
20
What is the value of 15 - ((4 - (12 + -17)) + -4)?
10
What is the value of (38 - 6) + -261 + 216?
-13
What is -2 + -30 + 9 + -94 + (12 - -2)?
-103
Calculate -3 + -11 + 4 - (226 - 209).
-27
What is (-36 - 0) + -48 + 76 + -33?
-41
Evaluate (5 - -5) + 2 + 28 + -90.
-50
Evaluate -84 + (70 + -3 - -74).
57
Evaluate -32215 + 32281 - (1 + 1 + 1 - -9).
54
-3 + 2 + (9 - (-12 - (1 + -33))) + -47
-59
What is (17 - 3) + (-10 - (-25 - (-18 - -1)))?
12
What is -26 + (-1 - 10) + (310 - 290)?
-17
Calculate -9 + 24 + -39 + 29.
5
-62 + -9 + 1 + -25 + 54 + -13 - -6
-48
What is the value of 41 + 4 + -55 + -19?
-29
(-6 + -5 + 11 - (7 + -13)) + (36 - 121)
-79
What is the value of 49 - 78 - (4 + (27 - 8) - 5)?
-47
Calculate (6 - 11) + -1 + -19 + 11.
-14
What is the value of -22 - 0 - (195 + -113 + (63 - 20))?
-147
Evaluate 0 + -15 + (-27 + 32 - -26 - -11).
27
Calculate -22 - (-11 - (-5 + 5) - -1) - (7 + -14).
-5
Evaluate -1 - -2 - 13 - (11 + 7 + -19).
-11
What is the value of -78 + 80 + (20 - (11 + -4))?
15
Evaluate (-1 - 1) + 0 + 545 + -519 + -12.
12
What is 2 + 1 + -10 - (-198 - (-370 - -118))?
-61
Evaluate (194 - 194) + (-1 - -2) + -4 + (14 - -74).
85
Calculate 19 + 19 + (-45 - (1 + 9)).
-17
Evaluate -17 - ((-6 + -1 - -1) + (61 - (-14 + 65))).
-21
(21 - ((97 - 16) + -20)) + 17 + -25
-48
Calculate 115 - ((5 - 31) + 22 + 15 - 0).
104
What is -13 + (7 + (22 - 18) - -22)?
20
Calculate -24 + 15 + (30 - 89) + 23.
-45
What is -67 - (-15 + 24 + -24 + (12 - 0))?
-64
What is 4 + -10 + -2 + (-16 + (12 - 6) - 1)?
-19
Evaluate -32 - (-13 - (-29 + (-14 - -22))).
-40
Calculate 74 - (15 + 10 - 7).
56
Evaluate 14 - (-20 - (-35 - (17 + -32))).
14
Evaluate 6 - (63 - 39) - -9.
-9
What is (-93 - 1 - ((61 - 12) + -57) - 10) + -2?
-98
Evaluate 3 + -12 + (-22 + 34 - 22) + 6.
-13
-4 - ((13 - 37) + 34)
-14
Evaluate (-3 - -1) + -47 + (-16 + 0 - (-80 - -55)).
-40
-10 + (-2 - -4) + (1791 - 1813)
-30
43 + -25 + 24 + (-102 - 13)
-73
(18 - 7) + 4 - (-15 + 10 - -1)
19
What is the value of -335 + 255 - (-13 + -104)?
37
Evaluate (0 + -24 - (19 - (106 + -80))) + -19.
-36
(0 - -1) + 25 + 1623 + -1634
15
What is the value of -11 - -8 - (20 + (-28 - -22))?
-17
Evaluate -26 - (38 + -10 - (0 - 3)).
-57
What is 3 + (5 - 17) + -1 - -17?
7
Evaluate 21 - -3 - 45 - (22 - 7).
-36
Evaluate (-3 - -49) + -29 + (-10 - (-1 + -1)) - 7.
2
48 - (61 - (41 - 46))
-18
What is the value of 10 - (77 + -52 - (5 - (7 - 3)))?
-14
17 + (15 - (-10 - -106))
-64
What is the value of 191 + (-248 - -108) - (-1 - 11)?
63
-126 - (-16605 - -16589 - ((-12 - -1) + -1))
-122
Evaluate 12 + (5 - 2 - (29 + 32 + -50)).
4
(-29 - -19) + 4 - -23 - -31
48
What is the value of 0 + (-32 - 0) + -22520 + 22538?
-14
Calculate 1 + 12 - ((1 - -61) + (720 - 716)).
-53
Evaluate 42 - ((0 - -22) + -1 + -1442 + 1432).
31
Evaluate (82 - -4) + 94 + -80.
100
(137 - -50) + -155 + (47 - 0)
79
Calculate 92 - 3 - (-81 - -66 - (6 + -5)).
105
What is the value of 30 + -18 - -22 - (-6 + (26 - 11))?
25
2 + (-2 - -17) + (57 - 22 - 24)
28
-47 - -144 - (-171 + 165)
103
Evaluate 0 + -49 - (-14 - (-27 + 1 + 19)).
-42
What is (1 - (53 + -141)) + (3 - (8 - 2) - -2)?
88
Calculate -14 + (15 + -4 + -8 + -15 + 14 - 29).
-41
What is (-18 - 9 - -4) + 123 + -157?
-57
Calculate -7 - (-12 + 1) - (-18 - -15 - (20 - 1)).
26
-6 - (-48 + 26 + 2 - -19)
-5
What is the value of 141 - 169 - (19 + -9 + -13 - (-12 - 1))?
-38
Calculate -29 - ((7 - -31) + -57 - 19).
9
What is 4 + (0 - -1) + -3 + (-120 - 40 - -92)?
-66
9 + 6 + -3 + 2 - (-1292 + 1410)
-104
107 + (-66 - -91 - 32)
100
Evaluate 2 + 54 - (-3384 - -3379).
61
What is -133 + 122 + -3 + -53 + (8 - 2)?
-61
Calculate 0 + -2 + 25 - 15 - (10 - 1).
-1
What is -23 + 93 + -80 - -57?
47
What is -28 + -37 - (-58 + 3)?
-10
Evaluate -13 + -17 + -2 + 333 + -296.
5
What is the value of 3 + -1 - (-1728 - -1756 - (-3 + 1))?
-28
What is -8 + (5 + (22 - 28) - (-2 - -67))?
-74
What is 210 + -213 + (9 - 12) + 50 + -1?
43
Evaluate -40 + (-9 - (10 + (-5 - 15) + -5)).
-34
Calculate (0 - (-1 - 0)) + -6350 + 6310.
-39
Evaluate -2 + -10 - (1 - 2) - ((-68 - 62) + 114).
5
What is the value of (-56 - 1) + 1 + (13 - -26 - 16) + -30?
-63
Evaluate (-4 - -6) + -3 - (-4 - ((7 - 15) + -5)).
-10
Evaluate -3 + 0 + -4 + (-33 - -49) + -36.
-27
Evaluate 0 + -6 + 1 - (-74 - (22 + -57)).
34
Evaluate -2 + 37 - (-6099 + 6190).
-56
What is 13 - 0 - (3 + (9 - -10 - -52))?
-61
29 + 11 + 4 + -33 + 47
58
-35 + 1 - (-11 - -2 - (-513 - -504))
-34
What is (13 + 6 - (19 - 10)) + (-64 - -54)?
0
What is the value of 12 + -13 + 3 + -6 + -4 + (-64 - -3)?
-69
(-1 - -3) + -20 - (474 - 485)
-7
What is 209 - 204 - (0 + -32)?
37
What is 119 + (-7 - -10) + -13 + (5 - 15) + -2?
97
What is the value of -5 + 2 + 10 - ((-1 - 15) + 12 - -120)?
-109
Calculate -3 + 61 - 125 - -116.
49
-13 + (-26 - -45 - -15)
21
What is 1 + 36 + -398 + 380 + (-2 - -18)?
35
Evaluate -138 + -30 + 70 + 3 + -25.
-120
What is 53 - (-19 + 33 + (3 - 34))?
70
What is 6 - (-1 + 1) - (877 - 861) - -58?
48
61 - (10 - 8 - (-11 + (-2 - -3)))
49
What is (52 - 57) + (-9 - -13 - 10)?
-11
Evaluate 604 - 563 - (3 + -50).
88
Calculate 3 + -99 - ((12 - 8) + -51 + 35).
-84
What is the value of 58 + -2 + -9 - (-28 + 29 - (12 - 0))?
58
What is 31 + -47 - 10 - (-15 - -8)?
-19
-2 - ((45 - 107) + 10)
50
Evaluate 16 + -37 + -8 + (25 - 24).
-28
(170 - 156 - (1 + 12)) + 19
20
What is the value of 5 + 2 + 2 + -2 - 9 - 43?
-45
19 - (-183 + (40 - -46))
116
-22 + (-117 - -96) + 13
-30
Calculate 94 - ((7 - 14) + 26 + 74 + -75).
76
What is the value of (1 - 1) + (-36 - -48) + (-50 - 10)?
-48
What is -37 - (-106 + -22 + 53)?
38
Calculate 0 - (-17 - 1) - (-214 + 230).
2
What is (19 - 10) + -48 + 20?
-19
-244 + 251 + (-18 - -104)
93
Calculate 54 - (58 - 74 - -39).
31
What is the value of 1 + -17 + -18 + 19 + (-12 - (-17 - -12))?
-22
Calculate -736 + 711 + (-2 + -2 + 1 - -13).
-15
(2 - (2 - 2 - -5)) + 3817 + -3885
-71
What is -21 + 16 + 11 + -9 + 2?
-1
Evaluate -7 - -99 - (-2446 + 2635).
-97
Evaluate (11 - -1) + (3 - 7) - (-45 + 50) - 31.
-28
What is the value of (-2 - -2 - -21 - -6) + -14?
13
(3 - (3 + -12)) + -77 + (12 - (-17 - -23))
-59
What is 57 + -2 + (5 - 4) + 198 + -192?
62
What is 28 + -9 - (-12 + 48 + -11)?
-6
Calculate (19 - (27 + -28)) + -18 + 1.
3
1 - 23 - (-16 + (-23 - (5 + -32)))
-10
What is the value of -18 + 3 + 2 - (-269 - -348) - 16?
-108
(15 - 15) + 24 + (42 - 22)
44
Evaluate 3 + 7 + 5 + 1 + 51 + 11.
78
What is the value of (-91 - -62 - 19) + 3 + (5 - 1)?
-41
Evaluate (4 - 7) + -7 - ((6 - 4) + 51 - 8).
-55
Evaluate 16 + -23 + (19 + -39 - (-4 + 0)) - 11.
-34
(6 - -8 - 9 - 7) + -6
-8
Evaluate 3 + 3 + 1 + 0 - (49 + (-73 - 41)).
72
73 + (13 - (8 + -21 + 3))
96
What is the value of 0 - (58 - (15 + -20))?
-63
Calculate -101 + (156 - 66) + (-1 - 72).
-84
Evaluate (-119 - 16) + 16 + -1 + -12 + (0 - -2).
-130
Calculate (7 - ((15 - (32 + (-11 - -5))) + 14)) + -24.
-20
What is -15 + (-28 - -39) + 30?
26
What is the value of -6968 + 6927 - (11 + 2 + -1 + -1 - 2)?
-50
What is the value of 78 - (-2 - -13) - (-9 + (30 - (-4 + 15)))?
57
What is the value of (-25 - -85) + -78 + 2 + 10?
-6
What is -7 - (32 - (-9 + 5 - 2 - -13))?
-32
What is (-116 + 103 - -28) + (-37 - (-2 + 1 - -3))?
-24
(1 - -2 - (4 - -